-334452013 (base 6) in base 9?
-12432140
Convert 34635 (base 7) to base 16.
22bf
What is -15537832 (base 9) in base 14?
-106044a
184d89 (base 15) to base 12
48b4a9
What is 116204 (base 12) in base 15?
5806d
Convert 4666125 (base 8) to base 11.
79a3a8
Convert 166a0 (base 11) to base 4.
11232213
Convert -7702176 (base 8) to base 13.
-574213
What is 2211020211220 (base 3) in base 16?
16e6e4
Convert -27686151 (base 9) to base 3.
-221202220011201
23389 (base 10) to base 9
35067
4a142a (base 13) to base 12
716537
-1d548b (base 14) to base 13
-2aaa03
Convert 471416 (base 8) to base 13.
580b2
Convert 60237 (base 10) to base 16.
eb4d
-101100101010111010010 (base 2) to base 7
-15304346
What is -1011122001202222 (base 3) in base 8?
-100101121
31010203 (base 4) to base 12
26b97
What is -264247 (base 10) in base 12?
-108b07
1670504 (base 9) to base 14
1a3967
Convert 20656154 (base 7) to base 10.
1762079
What is 16462b (base 15) in base 3?
2000202202112
What is 427125 (base 9) in base 11?
164257
What is 971020 (base 12) in base 9?
4436456
-508113 (base 9) to base 11
-196301
-11a648 (base 11) to base 6
-4022340
What is -9a9aa (base 15) in base 2?
-1111000000000101000
Convert -42411320 (base 5) to base 14.
-941c1
Convert 414320030 (base 6) to base 11.
4085780
What is -120311110 (base 4) in base 6?
-2102524
Convert dbc14 (base 14) to base 11.
333742
What is 51185 (base 15) in base 10?
256850
Convert -4103013 (base 5) to base 7.
-363305
-5647762 (base 8) to base 12
-618182
What is 5861a (base 11) in base 2?
10100101001111000
Convert b3434 (base 14) to base 7.
3445264
Convert -45324 (base 8) to base 13.
-8947
-3245413 (base 6) to base 10
-161937
-5331a (base 12) to base 4
-122230012
Convert -130105301 (base 6) to base 8.
-11512205
1111111000001101010111 (base 2) to base 3
21211110201122
What is -26a61 (base 13) in base 9?
-118771
Convert 14043674 (base 8) to base 15.
427797
Convert 2201220021210 (base 3) to base 7.
15235500
7221220 (base 9) to base 16
3ac7b8
What is 10010101100111000 (base 2) in base 8?
225470
Convert d0192 (base 15) to base 2.
10100000110000110111
7993392 (base 10) to base 2
11110011111100000110000
Convert -2c8081 (base 13) to base 6.
-35350251
4311405 (base 9) to base 11
1338a32
180852 (base 13) to base 2
10010010110001110000
Convert 1111110000100000101 (base 2) to base 4.
1332010011
What is 20131341 (base 6) in base 9?
1061427
1100100100100111100 (base 2) to base 9
687087
Convert 663968 (base 12) to base 6.
54450212
What is -e2c8 (base 16) in base 2?
-1110001011001000
233040110 (base 6) to base 16
4249aa
What is -10300200311 (base 4) in base 7?
-13413254
-301012111330 (base 4) to base 8
-61062574
What is 186781 (base 10) in base 12?
90111
81794 (base 10) to base 16
13f82
What is 40443402 (base 6) in base 15?
17cb6b
Convert -21133002102 (base 4) to base 12.
-9baa96
13013221 (base 4) to base 7
151006
What is -4927906 (base 11) in base 15?
-b45cd2
Convert -2997 (base 13) to base 5.
-143124
What is -112122111001010 (base 3) in base 15?
-a3b6cc
What is 8c1525 (base 13) in base 9?
6213810
5545234 (base 6) to base 13
99a06
-543022 (base 6) to base 2
-1010111010110110
Convert -4615b3 (base 13) to base 7.
-20051565
What is -86cab (base 13) in base 12?
-b913b
Convert -378740 (base 14) to base 3.
-10120211012212
What is -12100002202121 (base 3) in base 12?
-b494ba
What is -2014041212 (base 5) in base 11?
-2316546
Convert 1040224532 (base 6) to base 8.
52623410
What is -283a438 (base 12) in base 6?
-444214512
Convert -250118 (base 10) to base 16.
-3d106
-6203464 (base 7) to base 13
-1cc240
Convert -c3cd (base 14) to base 6.
-420001
Convert -15403316 (base 7) to base 8.
-5513015
14432020 (base 5) to base 12
75a24
79458 (base 12) to base 4
213121010
What is 3144362 (base 11) in base 4?
111020203111
What is 45450 (base 14) in base 12?
8143a
What is -b95689 (base 13) in base 12?
-155b3a0
What is 21330312111 (base 4) in base 15?
367d73
-23d084 (base 14) to base 4
-10223132330
-77394 (base 10) to base 8
-227122
1842a3 (base 11) to base 15
5918d
What is -100010001000011100101100 (base 2) in base 15?
-bbb1a0
-196272 (base 13) to base 16
-9cba3
What is 19aa888 (base 12) in base 11?
309376a
Convert 32aa49 (base 11) to base 14.
da0b6
What is -c96c1 (base 13) in base 16?
-58c9c
What is 22211110102 (base 3) in base 16?
2a70d
Convert -22113112022 (base 4) to base 3.
-12010001010002
What is 41433340 (base 5) in base 9?
572417
Convert 2f7e00 (base 16) to base 3.
12212010110212
What is c17196 (base 14) in base 7?
106230646
Convert -125718 (base 12) to base 8.
-1111704
-8bb841 (base 12) to base 11
-129a18a
Convert 9251244 (base 10) to base 16.
8d29ac
-1202202200 (base 4) to base 16
-628a0
228634 (base 9) to base 10
137569
What is -11d597 (base 15) in base 13?
-23c302
Convert 5890458 (base 10) to base 8.
26360632
What is 12342224 (base 6) in base 15?
7e2da
Convert 35641 (base 9) to base 2.
101110100101011
What is -688c8 (base 15) in base 5?
-41121423
-3f5f96 (base 16) to base 5
-2030400423
-5511625 (base 8) to base 16
-169395
What is -131535200 (base 6) in base 12?
-a5a500
-42a67b (base 13) to base 14
-2ca68c
What is 2622726 (base 8) in base 5?
141334312
Convert -2140763 (base 13) to base 9.
-21065032
-33432040 (base 5) to base 11
-192346
-972 (base 15) to base 8
-4124
Convert 111001402 (base 5) to base 10.
484602
What is -1001001100111011000 (base 2) in base 12?
-1265b4
Convert 323135 (base 9) to base 14.
5026d
What is 10201030211 (base 4) in base 12?
491605
-b5395d (base 14) to base 4
-113111231033
What is -7a703 (base 13) in base 11?
-142673
What is -53c65 (base 13) in base 16?
-24fd3
Convert 32222103100 (base 4) to base 10.
3843280
What is -11014323442 (base 5) in base 11?
-6778531
110200002002102 (base 3) to base 8
31536465
What is 4a2a68 (base 12) in base 13?
3338c3
Convert 3e425a (base 15) to base 9.
5573424
Convert -16438 (base 12) to base 10.
-31724
Convert 205384 (base 9) to base 12.
5a77a
-223791 (base 11) to base 8
-1267744
Convert 785879 (base 11) to base 6.
42501110
-2113411040 (base 5) to base 11
-255a210
What is -15155552 (base 6) in base 16?
-8117c
1210210222 (base 4) to base 10
411946
Convert -10374416 (base 8) to base 14.
-41d55c
-1213601 (base 9) to base 4
-2200311112
Convert 4762041 (base 8) to base 13.
36846a
b810a (base 13) to base 6
11040410
What is -21011110000 (base 3) in base 9?
-234400
What is 2a186a (base 12) in base 5?
140123421
Convert -14d9b (base 16) to base 9.
-140132
Convert -1202022111 (base 3) to base 16.
-86bc
3b2e9 (base 15) to base 10
189669
Convert -197b50 (base 13) to base 11.
-4010a0
111010001010100 (base 2) to base 6
345512
What is 596c24 (base 13) in base 9?
4004082
What is -21436565 (base 7) in base 13?
-4c6271
What is -143011330 (base 5) in base 14?
-1578b6
What is -323525 (base 8) in base 13?
-3a435
11000011001111010011 (base 2) to base 3
1111121222111
What is 65c25 (base 14) in base 10?
246601
-51735262 (base 8) to base 11
-6228756
253405052 (base 6) to base 8
22637030
What is -22b62c (base 13) in base 12?
-33947b
181540 (base 11) to base 15
58024
Convert 1131210 (base 7) to base 4.
202230123
What is 781ce (base 16) in base 9?
828776
What is 31b89 (base 13) in base 8?
257374
Convert -101100111001100 (base 2) to base 12.
-11378
Convert -1473541 (base 8) to base 9.
-715273
Convert -30313140 (base 5) to base 12.
-b97b7
Convert -31424432 (base 7) to base 16.
-289e0b
What is -253569 (base 14) in base 7?
-13566062
What is 2201320002 (base 4) in base 5?
132204132
1351320 (base 8) to base 14
9d128
Convert -39bb32 (base 15) to base 2.
-1010100101000110010101
Convert 1475ba (base 16) to base 15.
1b7458
12021000001121 (base 3) to base 10
2795029
Convert -34452747 (base 8) to base 7.
-120455521
-10121103 (base 5) to base 15
-19753
What is -100121120021000 (base 3) in base 15?
-6adbb6
Convert 502431240 (base 6) to base 5.
4140323241
Convert 1875045 (base 9) to base 15.
15c1eb
-232616a (base 13) to base 10
-10838058
-1f69c (base 16) to base 11
-88741
15034200 (base 9) to base 14
dc3a2b
What is -4031301 (base 5) in base 6?
-1214544
Convert -10100010100100011010 (base 2) to base 15.
-d2472
Convert -2707221 (base 9) to base 11.
-922097
What is 1111100101001111110 (base 2) in base 15?
a1445
Convert 1506 (base 12) to base 15.
ad9
What is 